{"id":1168,"date":"2026-01-29T15:08:45","date_gmt":"2026-01-29T08:08:45","guid":{"rendered":"https:\/\/xenanghangbinhduong.com\/?post_type=product&#038;p=1168"},"modified":"2026-03-18T18:04:06","modified_gmt":"2026-03-18T11:04:06","slug":"cho-thue-xe-cau-binh-duong","status":"publish","type":"product","link":"https:\/\/xenanghangbinhduong.com\/?product=cho-thue-xe-cau-binh-duong","title":{"rendered":"Cho thu\u00ea xe c\u1ea9u B\u00ecnh D\u01b0\u01a1ng"},"content":{"rendered":"<h2 data-start=\"261\" data-end=\"341\">Xe C\u1ea9u Gi\u00e1 R\u1ebb B\u00ecnh D\u01b0\u01a1ng<a href=\"https:\/\/xenanghangbinhduong.com\/?attachment_id=1136\" rel=\"attachment wp-att-1136\"><br \/>\n<img loading=\"lazy\" decoding=\"async\" class=\"aligncenter size-full wp-image-1136\" src=\"https:\/\/xenanghangbinhduong.com\/wp-content\/uploads\/2026\/01\/z7472331127994_24e9d8bd453d7304a6fa4aa44d4ab8d2.jpg\" alt=\"\" width=\"1920\" height=\"1440\" srcset=\"https:\/\/xenanghangbinhduong.com\/wp-content\/uploads\/2026\/01\/z7472331127994_24e9d8bd453d7304a6fa4aa44d4ab8d2.jpg 1920w, https:\/\/xenanghangbinhduong.com\/wp-content\/uploads\/2026\/01\/z7472331127994_24e9d8bd453d7304a6fa4aa44d4ab8d2-768x576.jpg 768w, https:\/\/xenanghangbinhduong.com\/wp-content\/uploads\/2026\/01\/z7472331127994_24e9d8bd453d7304a6fa4aa44d4ab8d2-1536x1152.jpg 1536w, https:\/\/xenanghangbinhduong.com\/wp-content\/uploads\/2026\/01\/z7472331127994_24e9d8bd453d7304a6fa4aa44d4ab8d2-300x225.jpg 300w, https:\/\/xenanghangbinhduong.com\/wp-content\/uploads\/2026\/01\/z7472331127994_24e9d8bd453d7304a6fa4aa44d4ab8d2-600x450.jpg 600w\" sizes=\"auto, (max-width: 1920px) 100vw, 1920px\" \/><\/a>Cho thu\u00ea xe c\u1ea9u B\u00ecnh D\u01b0\u01a1ng \u2013 C\u00f3 m\u1eb7t nhanh, c\u1ea9u h\u00e0ng an to\u00e0n, gi\u00e1 t\u1ed1t<\/h2>\n<p data-start=\"342\" data-end=\"633\">Anh\/ch\u1ecb \u0111ang c\u1ea7n\u00a0<strong data-start=\"359\" data-end=\"389\">cho thu\u00ea xe c\u1ea9u B\u00ecnh D\u01b0\u01a1ng<\/strong>\u00a0\u0111\u1ec3 c\u1ea9u h\u00e0ng n\u1eb7ng, c\u1ea9u m\u00e1y m\u00f3c, b\u1ed1c d\u1ee1 thi\u1ebft b\u1ecb c\u00f4ng tr\u00ecnh ho\u1eb7c h\u1ed7 tr\u1ee3 di d\u1eddi kho x\u01b0\u1edfng?<br data-start=\"477\" data-end=\"480\" \/>Ch\u00fang t\u00f4i cung c\u1ea5p d\u1ecbch v\u1ee5\u00a0<strong data-start=\"507\" data-end=\"555\">xe c\u1ea9u theo ca \u2013 theo ng\u00e0y \u2013 theo c\u00f4ng tr\u00ecnh<\/strong>, h\u1ed7 tr\u1ee3 nhanh t\u1ea1i Thu\u1eadn An, D\u0129 An, Th\u1ee7 D\u1ea7u M\u1ed9t v\u00e0 c\u00e1c KCN l\u1edbn t\u1ea1i B\u00ecnh D\u01b0\u01a1ng.<\/p>\n<p data-start=\"635\" data-end=\"843\">\ud83d\udcde\u00a0<strong data-start=\"638\" data-end=\"650\">Hotline:<\/strong>\u00a0<strong data-start=\"651\" data-end=\"667\">0937 691 063<\/strong><br data-start=\"667\" data-end=\"670\" \/>\ud83d\udcac\u00a0<strong data-start=\"673\" data-end=\"690\">Zalo b\u00e1o gi\u00e1:<\/strong>\u00a0<strong data-start=\"691\" data-end=\"707\">0937 691 063<\/strong><br data-start=\"707\" data-end=\"710\" \/>\ud83d\udce7\u00a0<strong data-start=\"713\" data-end=\"723\">Email:<\/strong>\u00a0<strong data-start=\"724\" data-end=\"757\"><a class=\"decorated-link cursor-pointer\" rel=\"noopener\" data-start=\"726\" data-end=\"755\">manhhung.transpoort@gmail.com<\/a><\/strong><br data-start=\"757\" data-end=\"760\" \/>\ud83d\udccd\u00a0<strong data-start=\"763\" data-end=\"775\">\u0110\u1ecba ch\u1ec9:<\/strong>\u00a0<strong data-start=\"776\" data-end=\"843\">42 \u0110\u1ea1i l\u1ed9 B\u00ecnh D\u01b0\u01a1ng, L\u00e1i Thi\u00eau, Thu\u1eadn An, B\u00ecnh D\u01b0\u01a1ng, Vi\u1ec7t Nam<\/strong><\/p>\n<p data-start=\"635\" data-end=\"843\"><img loading=\"lazy\" decoding=\"async\" class=\"aligncenter size-full wp-image-985 lazy-load-active\" src=\"https:\/\/xenanghangbinhduong.com\/wp-content\/uploads\/2026\/01\/Lap-dat-may-moc-thiet-bi-1.1.jpg\" sizes=\"auto, (max-width: 1000px) 100vw, 1000px\" srcset=\"https:\/\/xenanghangbinhduong.com\/wp-content\/uploads\/2026\/01\/Lap-dat-may-moc-thiet-bi-1.1.jpg 1000w, https:\/\/xenanghangbinhduong.com\/wp-content\/uploads\/2026\/01\/Lap-dat-may-moc-thiet-bi-1.1-768x432.jpg 768w, https:\/\/xenanghangbinhduong.com\/wp-content\/uploads\/2026\/01\/Lap-dat-may-moc-thiet-bi-1.1-600x338.jpg 600w\" alt=\"\" width=\"1000\" height=\"563\" data-src=\"https:\/\/xenanghangbinhduong.com\/wp-content\/uploads\/2026\/01\/Lap-dat-may-moc-thiet-bi-1.1.jpg\" data-srcset=\"https:\/\/xenanghangbinhduong.com\/wp-content\/uploads\/2026\/01\/Lap-dat-may-moc-thiet-bi-1.1.jpg 1000w, https:\/\/xenanghangbinhduong.com\/wp-content\/uploads\/2026\/01\/Lap-dat-may-moc-thiet-bi-1.1-768x432.jpg 768w, https:\/\/xenanghangbinhduong.com\/wp-content\/uploads\/2026\/01\/Lap-dat-may-moc-thiet-bi-1.1-600x338.jpg 600w\" \/><\/p>\n<hr data-start=\"845\" data-end=\"848\" \/>\n<h2 data-start=\"850\" data-end=\"895\">1) Khi n\u00e0o n\u00ean thu\u00ea xe c\u1ea9u t\u1ea1i B\u00ecnh D\u01b0\u01a1ng?<\/h2>\n<p data-start=\"896\" data-end=\"939\">Xe c\u1ea9u l\u00e0 gi\u1ea3i ph\u00e1p t\u1ed1i \u01b0u khi anh\/ch\u1ecb c\u1ea7n:<\/p>\n<ul data-start=\"940\" data-end=\"1214\">\n<li data-start=\"940\" data-end=\"986\">\n<p data-start=\"942\" data-end=\"986\"><strong data-start=\"942\" data-end=\"986\">C\u1ea9u m\u00e1y m\u00f3c l\u00ean t\u1ea7ng \/ \u0111\u01b0a m\u00e1y v\u00e0o x\u01b0\u1edfng<\/strong><\/p>\n<\/li>\n<li data-start=\"987\" data-end=\"1044\">\n<p data-start=\"989\" data-end=\"1044\"><strong data-start=\"989\" data-end=\"1006\">C\u1ea9u h\u00e0ng n\u1eb7ng<\/strong>: s\u1eaft th\u00e9p, k\u1ebft c\u1ea5u, v\u1eadt t\u01b0 c\u00f4ng tr\u00ecnh<\/p>\n<\/li>\n<li data-start=\"1045\" data-end=\"1100\">\n<p data-start=\"1047\" data-end=\"1100\"><strong data-start=\"1047\" data-end=\"1078\">C\u1ea9u l\u00ean xe t\u1ea3i\/xe container<\/strong>, b\u1ed1c d\u1ee1 nhanh t\u1ea1i kho<\/p>\n<\/li>\n<li data-start=\"1101\" data-end=\"1159\">\n<p data-start=\"1103\" data-end=\"1159\">H\u1ed7 tr\u1ee3\u00a0<strong data-start=\"1110\" data-end=\"1130\">di d\u1eddi kho x\u01b0\u1edfng<\/strong>, l\u1eafp \u0111\u1eb7t d\u00e2y chuy\u1ec1n s\u1ea3n xu\u1ea5t<\/p>\n<\/li>\n<li data-start=\"1160\" data-end=\"1214\">\n<p data-start=\"1162\" data-end=\"1214\">L\u00e0m vi\u1ec7c \u1edf n\u01a1i kh\u00f4ng th\u1ec3 d\u00f9ng s\u1ee9c ng\u01b0\u1eddi ho\u1eb7c xe n\u00e2ng<\/p>\n<\/li>\n<\/ul>\n<p data-start=\"1216\" data-end=\"1309\">\u2705\u00a0Thu\u00ea xe c\u1ea9u \u0111\u00fang t\u1ea3i =\u00a0<strong data-start=\"1241\" data-end=\"1309\">an to\u00e0n h\u01a1n \u2013 ti\u1ebft ki\u1ec7m th\u1eddi gian \u2013 gi\u1ea3m r\u1ee7i ro h\u01b0 h\u1ecfng h\u00e0ng h\u00f3a<\/strong><\/p>\n<hr data-start=\"1311\" data-end=\"1314\" \/>\n<h2 data-start=\"1316\" data-end=\"1377\">2) D\u1ecbch v\u1ee5 cho thu\u00ea xe c\u1ea9u B\u00ecnh D\u01b0\u01a1ng c\u1ee7a ch\u00fang t\u00f4i c\u00f3 g\u00ec?<\/h2>\n<p data-start=\"1378\" data-end=\"1702\">Ch\u00fang t\u00f4i cam k\u1ebft l\u00e0m vi\u1ec7c r\u00f5 r\u00e0ng, uy t\u00edn:<br \/>\n\u2705\u00a0C\u00f3 m\u1eb7t nhanh t\u1ea1i c\u00e1c khu v\u1ef1c trung t\u00e2m B\u00ecnh D\u01b0\u01a1ng<br data-start=\"1473\" data-end=\"1476\" \/>\u2705\u00a0C\u00f3\u00a0<strong data-start=\"1481\" data-end=\"1508\">t\u00e0i x\u1ebf + th\u1ee3 ph\u1ee5 h\u1ed7 tr\u1ee3<\/strong>\u00a0n\u1ebfu kh\u00e1ch c\u1ea7n<br data-start=\"1522\" data-end=\"1525\" \/>\u2705\u00a0T\u01b0 v\u1ea5n ph\u01b0\u01a1ng \u00e1n n\u00e2ng c\u1ea9u ph\u00f9 h\u1ee3p theo th\u1ef1c t\u1ebf c\u00f4ng tr\u00ecnh<br data-start=\"1584\" data-end=\"1587\" \/>\u2705\u00a0C\u1ea9u h\u00e0ng \u0111\u00fang k\u1ef9 thu\u1eadt \u2013 h\u1ea1n ch\u1ebf rung l\u1eafc, gi\u1ea3m r\u1ee7i ro<br data-start=\"1643\" data-end=\"1646\" \/>\u2705\u00a0B\u00e1o gi\u00e1 minh b\u1ea1ch \u2013 t\u1ed1i \u01b0u theo ca ho\u1eb7c theo c\u00f4ng vi\u1ec7c<\/p>\n<p data-start=\"1704\" data-end=\"1752\">\ud83d\udccc\u00a0Nh\u1eadn c\u1ea9u h\u00e0ng g\u1ea5p, h\u1ed7 tr\u1ee3 ngo\u00e0i gi\u1edd t\u00f9y l\u1ecbch.<\/p>\n<hr data-start=\"1754\" data-end=\"1757\" \/>\n<h2 data-start=\"1759\" data-end=\"1810\">3) C\u00e1c h\u1ea1ng m\u1ee5c xe c\u1ea9u th\u01b0\u1eddng ph\u1ee5c v\u1ee5 (ph\u1ed5 bi\u1ebfn)<\/h2>\n<p data-start=\"1811\" data-end=\"1850\">T\u00f9y t\u1eebng nhu c\u1ea7u, xe c\u1ea9u c\u00f3 th\u1ec3 h\u1ed7 tr\u1ee3:<\/p>\n<ul data-start=\"1851\" data-end=\"2044\">\n<li data-start=\"1851\" data-end=\"1891\">\n<p data-start=\"1853\" data-end=\"1891\">C\u1ea9u m\u00e1y CNC, m\u00e1y \u00e9p, m\u00e1y ti\u1ec7n, m\u00e1y d\u1eadp<\/p>\n<\/li>\n<li data-start=\"1892\" data-end=\"1933\">\n<p data-start=\"1894\" data-end=\"1933\">C\u1ea9u thi\u1ebft b\u1ecb nh\u00e0 x\u01b0\u1edfng, m\u00e1y c\u00f4ng nghi\u1ec7p<\/p>\n<\/li>\n<li data-start=\"1934\" data-end=\"1966\">\n<p data-start=\"1936\" data-end=\"1966\">C\u1ea9u s\u1eaft th\u00e9p, pallet h\u00e0ng n\u1eb7ng<\/p>\n<\/li>\n<li data-start=\"1967\" data-end=\"2008\">\n<p data-start=\"1969\" data-end=\"2008\">C\u1ea9u l\u00ean xu\u1ed1ng xe t\u1ea3i, b\u1ed1c d\u1ee1 c\u00f4ng tr\u00ecnh<\/p>\n<\/li>\n<li data-start=\"2009\" data-end=\"2044\">\n<p data-start=\"2011\" data-end=\"2044\">C\u1ea9u di d\u1eddi v\u1ecb tr\u00ed trong kho\/x\u01b0\u1edfng<\/p>\n<\/li>\n<\/ul>\n<p data-start=\"2046\" data-end=\"2213\">\ud83d\udc49\u00a0Anh\/ch\u1ecb ch\u1ec9 c\u1ea7n g\u1eedi gi\u00fap em:<br \/>\n\u2705\u00a0<strong data-start=\"2080\" data-end=\"2105\">kh\u1ed1i l\u01b0\u1ee3ng h\u00e0ng (t\u1ea5n)<\/strong><br data-start=\"2105\" data-end=\"2108\" \/>\u2705\u00a0<strong data-start=\"2110\" data-end=\"2140\">kho\u1ea3ng c\u00e1ch\/\u0111\u1ed9 cao c\u1ea7n c\u1ea9u<\/strong><br data-start=\"2140\" data-end=\"2143\" \/>\u2705\u00a0<strong data-start=\"2145\" data-end=\"2172\">\u0111\u1ecba \u0111i\u1ec3m t\u1ea1i B\u00ecnh D\u01b0\u01a1ng<\/strong><br data-start=\"2172\" data-end=\"2175\" \/>\u2192 b\u00ean em t\u01b0 v\u1ea5n nhanh lo\u1ea1i xe ph\u00f9 h\u1ee3p.<\/p>\n<p data-start=\"2215\" data-end=\"2279\">\ud83d\udcde\u00a0<strong data-start=\"2218\" data-end=\"2230\">Hotline:<\/strong>\u00a0<strong data-start=\"2231\" data-end=\"2247\">0937 691 063<\/strong><br data-start=\"2247\" data-end=\"2250\" \/>\ud83d\udcac\u00a0<strong data-start=\"2253\" data-end=\"2262\">Zalo:<\/strong>\u00a0<strong data-start=\"2263\" data-end=\"2279\">0937 691 063<\/strong><\/p>\n<hr data-start=\"2281\" data-end=\"2284\" \/>\n<h2 data-start=\"2286\" data-end=\"2334\">4) B\u00e1o gi\u00e1 thu\u00ea xe c\u1ea9u B\u00ecnh D\u01b0\u01a1ng (tham kh\u1ea3o)<\/h2>\n<p data-start=\"2335\" data-end=\"2365\">Gi\u00e1 thu\u00ea xe c\u1ea9u ph\u1ee5 thu\u1ed9c v\u00e0o:<\/p>\n<ul data-start=\"2366\" data-end=\"2579\">\n<li data-start=\"2366\" data-end=\"2394\">\n<p data-start=\"2368\" data-end=\"2394\">T\u1ea3i tr\u1ecdng h\u00e0ng h\u00f3a c\u1ea7n c\u1ea9u<\/p>\n<\/li>\n<li data-start=\"2395\" data-end=\"2450\">\n<p data-start=\"2397\" data-end=\"2450\">\u0110\u1ecba h\u00ecnh thi c\u00f4ng (\u0111\u01b0\u1eddng r\u1ed9ng\/h\u1eb9p, c\u00f3 v\u00e0o \u0111\u01b0\u1ee3c kh\u00f4ng)<\/p>\n<\/li>\n<li data-start=\"2451\" data-end=\"2497\">\n<p data-start=\"2453\" data-end=\"2497\">C\u1ea9u theo ca\/ng\u00e0y hay theo h\u1ea1ng m\u1ee5c c\u00f4ng vi\u1ec7c<\/p>\n<\/li>\n<li data-start=\"2498\" data-end=\"2537\">\n<p data-start=\"2500\" data-end=\"2537\">Kho\u1ea3ng c\u00e1ch di chuy\u1ec3n &amp; th\u1eddi gian ch\u1edd<\/p>\n<\/li>\n<li data-start=\"2538\" data-end=\"2579\">\n<p data-start=\"2540\" data-end=\"2579\">C\u00f3 c\u1ea7n th\u00eam nh\u00e2n c\u00f4ng ph\u1ee5 tr\u1ee3 hay kh\u00f4ng<\/p>\n<\/li>\n<\/ul>\n<p data-start=\"2581\" data-end=\"2638\">\u2705\u00a0B\u00ean em b\u00e1o gi\u00e1 r\u00f5 r\u00e0ng ngay t\u1eeb \u0111\u1ea7u \u2013 h\u1ea1n ch\u1ebf ph\u00e1t sinh.<\/p>\n<p data-start=\"2640\" data-end=\"2704\">\ud83d\udccc\u00a0G\u1eedi th\u00f4ng tin qua Zalo \u0111\u1ec3 nh\u1eadn gi\u00e1 nhanh:<br \/>\n\ud83d\udcac\u00a0<strong data-start=\"2688\" data-end=\"2704\">0937 691 063<\/strong><\/p>\n<hr data-start=\"2706\" data-end=\"2709\" \/>\n<h2 data-start=\"2711\" data-end=\"2762\">5) Quy tr\u00ecnh thu\u00ea xe c\u1ea9u nhanh \u2013 g\u1ecdn \u2013 \u0111\u00fang vi\u1ec7c<\/h2>\n<ol data-start=\"2763\" data-end=\"3006\">\n<li data-start=\"2763\" data-end=\"2829\">\n<p data-start=\"2766\" data-end=\"2829\">Ti\u1ebfp nh\u1eadn nhu c\u1ea7u (c\u1ea9u g\u00ec, n\u1eb7ng bao nhi\u00eau, c\u1ea9u cao bao nhi\u00eau)<\/p>\n<\/li>\n<li data-start=\"2830\" data-end=\"2886\">\n<p data-start=\"2833\" data-end=\"2886\">Kh\u1ea3o s\u00e1t nhanh (n\u1ebfu c\u1ea7n) ho\u1eb7c nh\u1eadn h\u00ecnh \u1ea3nh th\u1ef1c t\u1ebf<\/p>\n<\/li>\n<li data-start=\"2887\" data-end=\"2919\">\n<p data-start=\"2890\" data-end=\"2919\">B\u00e1o gi\u00e1 \u2013 ch\u1ed1t l\u1ecbch \u0111i\u1ec1u xe<\/p>\n<\/li>\n<li data-start=\"2920\" data-end=\"2970\">\n<p data-start=\"2923\" data-end=\"2970\">Xe \u0111\u1ebfn \u0111\u00fang gi\u1edd \u2013 tri\u1ec3n khai c\u1ea9u h\u00e0ng an to\u00e0n<\/p>\n<\/li>\n<li data-start=\"2971\" data-end=\"3006\">\n<p data-start=\"2974\" data-end=\"3006\">Ho\u00e0n t\u1ea5t \u2013 nghi\u1ec7m thu \u2013 b\u00e0n giao<\/p>\n<\/li>\n<\/ol>\n<p data-start=\"3008\" data-end=\"3069\">\u2705\u00a0L\u00e0m nhanh \u0111\u00fang ti\u1ebfn \u0111\u1ed9 \u2013 ph\u00f9 h\u1ee3p nh\u00e0 m\u00e1y\/kho\/x\u01b0\u1edfng c\u1ea7n g\u1ea5p.<\/p>\n<hr data-start=\"3071\" data-end=\"3074\" \/>\n<h2 data-start=\"3076\" data-end=\"3131\">6) Khu v\u1ef1c ph\u1ee5c v\u1ee5 xe c\u1ea9u t\u1ea1i B\u00ecnh D\u01b0\u01a1ng<\/h2>\n<p data-start=\"3132\" data-end=\"3169\">Ch\u00fang t\u00f4i nh\u1eadn \u0111i\u1ec1u xe c\u1ea9u nhanh t\u1ea1i:<\/p>\n<ul data-start=\"3170\" data-end=\"3322\">\n<li data-start=\"3170\" data-end=\"3196\">\n<p data-start=\"3172\" data-end=\"3196\"><strong data-start=\"3172\" data-end=\"3196\">Thu\u1eadn An \u2013 L\u00e1i Thi\u00eau<\/strong><\/p>\n<\/li>\n<li data-start=\"3197\" data-end=\"3208\">\n<p data-start=\"3199\" data-end=\"3208\"><strong data-start=\"3199\" data-end=\"3208\">D\u0129 An<\/strong><\/p>\n<\/li>\n<li data-start=\"3209\" data-end=\"3226\">\n<p data-start=\"3211\" data-end=\"3226\"><strong data-start=\"3211\" data-end=\"3226\">Th\u1ee7 D\u1ea7u M\u1ed9t<\/strong><\/p>\n<\/li>\n<li data-start=\"3227\" data-end=\"3241\">\n<p data-start=\"3229\" data-end=\"3241\"><strong data-start=\"3229\" data-end=\"3241\">T\u00e2n Uy\u00ean<\/strong><\/p>\n<\/li>\n<li data-start=\"3242\" data-end=\"3255\">\n<p data-start=\"3244\" data-end=\"3255\"><strong data-start=\"3244\" data-end=\"3255\">B\u1ebfn C\u00e1t<\/strong><\/p>\n<\/li>\n<li data-start=\"3256\" data-end=\"3270\">\n<p data-start=\"3258\" data-end=\"3270\"><strong data-start=\"3258\" data-end=\"3270\">B\u00e0u B\u00e0ng<\/strong><\/p>\n<\/li>\n<li data-start=\"3271\" data-end=\"3322\">\n<p data-start=\"3273\" data-end=\"3322\">KCN:\u00a0<strong data-start=\"3278\" data-end=\"3322\">VSIP, S\u00f3ng Th\u1ea7n, M\u1ef9 Ph\u01b0\u1edbc, Nam T\u00e2n Uy\u00ean\u2026<\/strong><\/p>\n<\/li>\n<\/ul>\n<p data-start=\"3324\" data-end=\"3387\">\ud83d\udccc\u00a0D\u00f9 anh\/ch\u1ecb \u1edf khu n\u00e0o t\u1ea1i B\u00ecnh D\u01b0\u01a1ng, c\u1ee9 g\u1ecdi l\u00e0 c\u00f3 xe h\u1ed7 tr\u1ee3.<\/p>\n<hr data-start=\"3389\" data-end=\"3392\" \/>\n<h2 data-start=\"3394\" data-end=\"3451\">7) FAQ \u2013 C\u00e2u h\u1ecfi th\u01b0\u1eddng g\u1eb7p khi thu\u00ea xe c\u1ea9u B\u00ecnh D\u01b0\u01a1ng<\/h2>\n<h3 data-start=\"3452\" data-end=\"3488\">1) C\u00f3 thu\u00ea xe c\u1ea9u theo ca kh\u00f4ng?<\/h3>\n<p data-start=\"3489\" data-end=\"3545\">C\u00f3. B\u00ean em nh\u1eadn\u00a0<strong data-start=\"3505\" data-end=\"3532\">theo ca\/ng\u00e0y\/c\u00f4ng tr\u00ecnh<\/strong>\u00a0t\u00f9y nhu c\u1ea7u.<\/p>\n<h3 data-start=\"3547\" data-end=\"3606\">2) T\u00f4i kh\u00f4ng bi\u1ebft t\u1ea3i tr\u1ecdng h\u00e0ng bao nhi\u00eau th\u00ec l\u00e0m sao?<\/h3>\n<p data-start=\"3607\" data-end=\"3701\">Anh\/ch\u1ecb g\u1eedi h\u00ecnh \u1ea3nh + th\u00f4ng tin m\u00e1y\/h\u00e0ng \u2192 b\u00ean em h\u1ed7 tr\u1ee3 \u01b0\u1edbc l\u01b0\u1ee3ng v\u00e0 t\u01b0 v\u1ea5n lo\u1ea1i xe ph\u00f9 h\u1ee3p.<\/p>\n<h3 data-start=\"3703\" data-end=\"3755\">3) Xe c\u1ea9u c\u00f3 h\u1ed7 tr\u1ee3 c\u1ea9u m\u00e1y v\u00e0o nh\u00e0 x\u01b0\u1edfng kh\u00f4ng?<\/h3>\n<p data-start=\"3756\" data-end=\"3821\">C\u00f3. B\u00ean em nh\u1eadn\u00a0<strong data-start=\"3772\" data-end=\"3807\">c\u1ea9u m\u00e1y, \u0111\u01b0a v\u00e0o v\u1ecb tr\u00ed l\u1eafp \u0111\u1eb7t<\/strong>\u00a0t\u00f9y m\u1eb7t b\u1eb1ng.<\/p>\n<h3 data-start=\"3823\" data-end=\"3866\">4) C\u00f3 l\u00e0m ngo\u00e0i gi\u1edd ho\u1eb7c ban \u0111\u00eam kh\u00f4ng?<\/h3>\n<p data-start=\"3867\" data-end=\"3902\">C\u00f3 th\u1ec3 s\u1eafp x\u1ebfp t\u00f9y l\u1ecbch v\u00e0 khu v\u1ef1c.<\/p>\n<hr data-start=\"3904\" data-end=\"3907\" \/>\n<h2 data-start=\"3909\" data-end=\"3963\">\u2705\u00a0Li\u00ean h\u1ec7 thu\u00ea xe c\u1ea9u B\u00ecnh D\u01b0\u01a1ng ngay h\u00f4m nay<\/h2>\n<p data-start=\"3964\" data-end=\"4172\">\ud83d\udcde\u00a0<strong data-start=\"3967\" data-end=\"3979\">Hotline:<\/strong>\u00a0<strong data-start=\"3980\" data-end=\"3996\">0937 691 063<\/strong><br data-start=\"3996\" data-end=\"3999\" \/>\ud83d\udcac\u00a0<strong data-start=\"4002\" data-end=\"4019\">Zalo b\u00e1o gi\u00e1:<\/strong>\u00a0<strong data-start=\"4020\" data-end=\"4036\">0937 691 063<\/strong><br data-start=\"4036\" data-end=\"4039\" \/>\ud83d\udce7\u00a0<strong data-start=\"4042\" data-end=\"4052\">Email:<\/strong>\u00a0<strong data-start=\"4053\" data-end=\"4086\"><a class=\"decorated-link cursor-pointer\" rel=\"noopener\" data-start=\"4055\" data-end=\"4084\">manhhung.transpoort@gmail.com<\/a><\/strong><br data-start=\"4086\" data-end=\"4089\" \/>\ud83d\udccd\u00a0<strong data-start=\"4092\" data-end=\"4104\">\u0110\u1ecba ch\u1ec9:<\/strong>\u00a0<strong data-start=\"4105\" data-end=\"4172\">42 \u0110\u1ea1i l\u1ed9 B\u00ecnh D\u01b0\u01a1ng, L\u00e1i Thi\u00eau, Thu\u1eadn An, B\u00ecnh D\u01b0\u01a1ng, Vi\u1ec7t Nam<\/strong><\/p>\n<p data-start=\"4174\" data-end=\"4234\">\u2705\u00a0C\u00f3 m\u1eb7t nhanh \u2013 c\u1ea9u an to\u00e0n \u2013 h\u1ed7 tr\u1ee3 t\u1eadn n\u01a1i t\u1ea1i B\u00ecnh D\u01b0\u01a1ng<\/p>\n","protected":false},"excerpt":{"rendered":"<p>Anh\/ch\u1ecb \u0111ang c\u1ea7n <strong data-start=\"359\" data-end=\"389\">cho thu\u00ea xe c\u1ea9u B\u00ecnh D\u01b0\u01a1ng<\/strong>\u00a0\u0111\u1ec3 c\u1ea9u h\u00e0ng n\u1eb7ng, c\u1ea9u m\u00e1y m\u00f3c, b\u1ed1c d\u1ee1 thi\u1ebft b\u1ecb c\u00f4ng tr\u00ecnh ho\u1eb7c h\u1ed7 tr\u1ee3 di d\u1eddi kho x\u01b0\u1edfng?<br data-start=\"477\" data-end=\"480\" \/>Ch\u00fang t\u00f4i cung c\u1ea5p d\u1ecbch v\u1ee5\u00a0<strong data-start=\"507\" data-end=\"555\">xe c\u1ea9u theo ca \u2013 theo ng\u00e0y \u2013 theo c\u00f4ng tr\u00ecnh<\/strong>, h\u1ed7 tr\u1ee3 nhanh t\u1ea1i Thu\u1eadn An, D\u0129 An, Th\u1ee7 D\u1ea7u M\u1ed9t v\u00e0 c\u00e1c KCN l\u1edbn t\u1ea1i B\u00ecnh D\u01b0\u01a1ng.<\/p>\n","protected":false},"featured_media":997,"comment_status":"open","ping_status":"closed","template":"","meta":[],"product_brand":[],"product_cat":[85,140,130,131,116,115,117,84,15],"product_tag":[142,144,141,143],"class_list":{"0":"post-1168","1":"product","2":"type-product","3":"status-publish","4":"has-post-thumbnail","6":"product_cat-dong-goi","7":"product_cat-cho-thue-xe-cau-binh-duong","8":"product_cat-cho-thue-xe-nang-binh-duong","9":"product_cat-cho-thue-xe-nang-thu-duc","10":"product_cat-di-doi-kho-xuong","11":"product_cat-di-doi-may-moc","12":"product_cat-van-chuyen-may-moc-cong-nghiep-nang","13":"product_cat-xe-cau","14":"product_cat-xe-nang","15":"product_tag-cho-thue-xe-cau","16":"product_tag-cho-thue-xe-cau-binh-duong","17":"product_tag-cho-thue-xe-cau-gia-re","18":"product_tag-xe-cau-binh-duong","20":"first","21":"instock","22":"shipping-taxable","23":"product-type-simple"},"_links":{"self":[{"href":"https:\/\/xenanghangbinhduong.com\/index.php?rest_route=\/wp\/v2\/product\/1168","targetHints":{"allow":["GET"]}}],"collection":[{"href":"https:\/\/xenanghangbinhduong.com\/index.php?rest_route=\/wp\/v2\/product"}],"about":[{"href":"https:\/\/xenanghangbinhduong.com\/index.php?rest_route=\/wp\/v2\/types\/product"}],"replies":[{"embeddable":true,"href":"https:\/\/xenanghangbinhduong.com\/index.php?rest_route=%2Fwp%2Fv2%2Fcomments&post=1168"}],"wp:featuredmedia":[{"embeddable":true,"href":"https:\/\/xenanghangbinhduong.com\/index.php?rest_route=\/wp\/v2\/media\/997"}],"wp:attachment":[{"href":"https:\/\/xenanghangbinhduong.com\/index.php?rest_route=%2Fwp%2Fv2%2Fmedia&parent=1168"}],"wp:term":[{"taxonomy":"product_brand","embeddable":true,"href":"https:\/\/xenanghangbinhduong.com\/index.php?rest_route=%2Fwp%2Fv2%2Fproduct_brand&post=1168"},{"taxonomy":"product_cat","embeddable":true,"href":"https:\/\/xenanghangbinhduong.com\/index.php?rest_route=%2Fwp%2Fv2%2Fproduct_cat&post=1168"},{"taxonomy":"product_tag","embeddable":true,"href":"https:\/\/xenanghangbinhduong.com\/index.php?rest_route=%2Fwp%2Fv2%2Fproduct_tag&post=1168"}],"curies":[{"name":"wp","href":"https:\/\/api.w.org\/{rel}","templated":true}]}}