{"id":1180,"date":"2026-01-29T17:37:29","date_gmt":"2026-01-29T10:37:29","guid":{"rendered":"https:\/\/xenanghangbinhduong.com\/?post_type=product&#038;p=1180"},"modified":"2026-03-18T17:36:29","modified_gmt":"2026-03-18T10:36:29","slug":"cho-thue-xe-nang-thu-duc","status":"publish","type":"product","link":"https:\/\/xenanghangbinhduong.com\/?product=cho-thue-xe-nang-thu-duc","title":{"rendered":"Cho thu\u00ea xe n\u00e2ng Th\u1ee7 \u0110\u1ee9c"},"content":{"rendered":"<h2 data-start=\"2935\" data-end=\"2994\"><a href=\"https:\/\/xenanghangbinhduong.com\/?attachment_id=1134#main\" rel=\"attachment wp-att-1134\"><img loading=\"lazy\" decoding=\"async\" class=\"aligncenter size-full wp-image-1134\" src=\"https:\/\/xenanghangbinhduong.com\/wp-content\/uploads\/2026\/01\/z7472331124850_a6fc305420ff7539514a82da0d537e5a.jpg\" alt=\"Cho Thu\u00ea Xe N\u00e2ng B\u00ecnh D\u01b0\u01a1ng Gi\u00e1 R\u1ebb \u2013 Uy T\u00edn D\u1ecbch v\u1ee5 cho thu\u00ea xe n\u00e2ng B\u00ecnh D\u01b0\u01a1ng chuy\u00ean nghi\u1ec7p Nhu c\u1ea7u cho thu\u00ea xe n\u00e2ng B\u00ecnh D\u01b0\u01a1ng ng\u00e0y c\u00e0ng t\u0103ng cao t\u1ea1i c\u00e1c khu c\u00f4ng nghi\u1ec7p, nh\u00e0 m\u00e1y v\u00e0 kho x\u01b0\u1edfng. Vi\u1ec7c s\u1eed d\u1ee5ng xe n\u00e2ng gi\u00fap doanh nghi\u1ec7p ti\u1ebft ki\u1ec7m nh\u00e2n c\u00f4ng, n\u00e2ng h\u1ea1 h\u00e0ng h\u00f3a nhanh ch\u00f3ng v\u00e0 an to\u00e0n. N\u00e2ng C\u1ea9u M\u1ea1nh H\u00f9ng l\u00e0 \u0111\u01a1n v\u1ecb chuy\u00ean cung c\u1ea5p d\u1ecbch v\u1ee5 cho thu\u00ea xe n\u00e2ng t\u1ea1i B\u00ecnh D\u01b0\u01a1ng v\u1edbi nhi\u1ec1u lo\u1ea1i xe n\u00e2ng hi\u1ec7n \u0111\u1ea1i, \u0111\u00e1p \u1ee9ng m\u1ecdi nhu c\u1ea7u n\u00e2ng h\u1ea1 h\u00e0ng h\u00f3a v\u00e0 m\u00e1y m\u00f3c. D\u1ecbch v\u1ee5 ch\u00ednh Cho thu\u00ea xe n\u00e2ng h\u00e0ng Cho thu\u00ea xe c\u1ea9u t\u1ef1 h\u00e0nh N\u00e2ng h\u1ea1 h\u00e0ng h\u00f3a n\u1eb7ng Di d\u1eddi m\u00e1y m\u00f3c c\u00f4ng nghi\u1ec7p Di d\u1eddi nh\u00e0 x\u01b0\u1edfng Khu v\u1ef1c ph\u1ee5c v\u1ee5 B\u00ecnh D\u01b0\u01a1ng \u2013 TP.HCM \u2013 \u0110\u1ed3ng Nai \u2013 B\u00ecnh Ph\u01b0\u1edbc \u2013 T\u00e2y Ninh \u2013 Long An \u2013 V\u0169ng T\u00e0u. \ud83d\udcde Hotline: 0937691063\" width=\"500\" height=\"500\" srcset=\"https:\/\/xenanghangbinhduong.com\/wp-content\/uploads\/2026\/01\/z7472331124850_a6fc305420ff7539514a82da0d537e5a.jpg 500w, https:\/\/xenanghangbinhduong.com\/wp-content\/uploads\/2026\/01\/z7472331124850_a6fc305420ff7539514a82da0d537e5a-100x100.jpg 100w\" sizes=\"auto, (max-width: 500px) 100vw, 500px\" \/><\/a><\/h2>\n<h2 data-start=\"2935\" data-end=\"2994\">Cho thu\u00ea xe n\u00e2ng Th\u1ee7 \u0110\u1ee9c \u2013 Linh ho\u1ea1t cho kho x\u01b0\u1edfng &amp; KCN<\/h2>\n<p data-start=\"2996\" data-end=\"3162\">B\u1ea1n \u0111ang c\u1ea7n <strong data-start=\"3009\" data-end=\"3028\">xe n\u00e2ng Th\u1ee7 \u0110\u1ee9c<\/strong> \u0111\u1ec3 ph\u1ee5c v\u1ee5 kho h\u00e0ng, nh\u00e0 m\u00e1y ho\u1eb7c c\u00f4ng tr\u00ecnh?<br data-start=\"3074\" data-end=\"3077\" \/>Ch\u00fang t\u00f4i cung c\u1ea5p <strong data-start=\"3096\" data-end=\"3115\">xe n\u00e2ng Th\u1ee7 \u0110\u1ee9c<\/strong> v\u1edbi \u0111\u1ea7y \u0111\u1ee7 t\u1ea3i tr\u1ecdng, h\u1ed7 tr\u1ee3 nhanh trong ng\u00e0y.<\/p>\n<p data-start=\"3164\" data-end=\"3203\">\ud83d\udcde <strong data-start=\"3167\" data-end=\"3186\">Hotline \u2013 Zalo:<\/strong> <strong data-start=\"3187\" data-end=\"3203\">0937 691 063<\/strong><\/p>\n<hr data-start=\"3205\" data-end=\"3208\" \/>\n<h3 data-start=\"3210\" data-end=\"3237\">D\u1ecbch v\u1ee5 xe n\u00e2ng Th\u1ee7 \u0110\u1ee9c<\/h3>\n<ul data-start=\"3238\" data-end=\"3340\">\n<li data-start=\"3238\" data-end=\"3268\">\n<p data-start=\"3240\" data-end=\"3268\">Xe n\u00e2ng \u0111i\u1ec7n (kho trong nh\u00e0)<\/p>\n<\/li>\n<li data-start=\"3269\" data-end=\"3294\">\n<p data-start=\"3271\" data-end=\"3294\">Xe n\u00e2ng d\u1ea7u (ngo\u00e0i b\u00e3i)<\/p>\n<\/li>\n<li data-start=\"3295\" data-end=\"3314\">\n<p data-start=\"3297\" data-end=\"3314\">Xe n\u00e2ng c\u00f3 t\u00e0i x\u1ebf<\/p>\n<\/li>\n<li data-start=\"3315\" data-end=\"3340\">\n<p data-start=\"3317\" data-end=\"3340\">Thu\u00ea ng\u1eafn h\u1ea1n &amp; d\u00e0i h\u1ea1n<\/p>\n<\/li>\n<\/ul>\n<hr data-start=\"3342\" data-end=\"3345\" \/>\n<h3 data-start=\"3347\" data-end=\"3375\">Gi\u00e1 thu\u00ea xe n\u00e2ng Th\u1ee7 \u0110\u1ee9c<\/h3>\n<p data-start=\"3376\" data-end=\"3437\">Gi\u00e1 \u0111\u01b0\u1ee3c b\u00e1o d\u1ef1a tr\u00ean nhu c\u1ea7u th\u1ef1c t\u1ebf, kh\u00f4ng b\u00e1o chung chung.<\/p>\n<p data-start=\"3439\" data-end=\"3492\">\ud83d\udccc Nh\u1eafn Zalo g\u1eedi \u0111\u1ecba \u0111i\u1ec3m + lo\u1ea1i h\u00e0ng \u2192 b\u00e1o gi\u00e1 li\u1ec1n.<\/p>\n<hr data-start=\"3494\" data-end=\"3497\" \/>\n<h3 data-start=\"3499\" data-end=\"3506\">CTA<\/h3>\n<p data-start=\"3507\" data-end=\"3561\">\ud83d\udcde <strong data-start=\"3510\" data-end=\"3526\">0937 691 063<\/strong><br data-start=\"3526\" data-end=\"3529\" \/>\ud83d\udce7 <a class=\"decorated-link cursor-pointer\" rel=\"noopener\" data-start=\"3532\" data-end=\"3561\">manhhung.transpoort@gmail.com<\/a><\/p>\n","protected":false},"excerpt":{"rendered":"<p>B\u1ea1n \u0111ang c\u1ea7n <strong data-start=\"3009\" data-end=\"3028\">xe n\u00e2ng Th\u1ee7 \u0110\u1ee9c<\/strong> \u0111\u1ec3 ph\u1ee5c v\u1ee5 kho h\u00e0ng, nh\u00e0 m\u00e1y ho\u1eb7c c\u00f4ng tr\u00ecnh?<br data-start=\"3074\" data-end=\"3077\" \/>Ch\u00fang t\u00f4i cung c\u1ea5p <strong data-start=\"3096\" data-end=\"3115\">xe n\u00e2ng Th\u1ee7 \u0110\u1ee9c<\/strong> v\u1edbi \u0111\u1ea7y \u0111\u1ee7 t\u1ea3i tr\u1ecdng, h\u1ed7 tr\u1ee3 nhanh trong ng\u00e0y.<\/p>\n","protected":false},"featured_media":1035,"comment_status":"open","ping_status":"closed","template":"","meta":[],"product_brand":[],"product_cat":[85,130,131,116,115,117,84,15],"product_tag":[133,132,120,121],"class_list":{"0":"post-1180","1":"product","2":"type-product","3":"status-publish","4":"has-post-thumbnail","6":"product_cat-dong-goi","7":"product_cat-cho-thue-xe-nang-binh-duong","8":"product_cat-cho-thue-xe-nang-thu-duc","9":"product_cat-di-doi-kho-xuong","10":"product_cat-di-doi-may-moc","11":"product_cat-van-chuyen-may-moc-cong-nghiep-nang","12":"product_cat-xe-cau","13":"product_cat-xe-nang","14":"product_tag-cho-thue-xe-nang-quan-12","15":"product_tag-cho-thue-xe-nang-thu-duc","16":"product_tag-cho-thue-xe-nang-binh-duong","17":"product_tag-xe-nang-binh-duong","19":"first","20":"instock","21":"shipping-taxable","22":"product-type-simple"},"_links":{"self":[{"href":"https:\/\/xenanghangbinhduong.com\/index.php?rest_route=\/wp\/v2\/product\/1180","targetHints":{"allow":["GET"]}}],"collection":[{"href":"https:\/\/xenanghangbinhduong.com\/index.php?rest_route=\/wp\/v2\/product"}],"about":[{"href":"https:\/\/xenanghangbinhduong.com\/index.php?rest_route=\/wp\/v2\/types\/product"}],"replies":[{"embeddable":true,"href":"https:\/\/xenanghangbinhduong.com\/index.php?rest_route=%2Fwp%2Fv2%2Fcomments&post=1180"}],"wp:featuredmedia":[{"embeddable":true,"href":"https:\/\/xenanghangbinhduong.com\/index.php?rest_route=\/wp\/v2\/media\/1035"}],"wp:attachment":[{"href":"https:\/\/xenanghangbinhduong.com\/index.php?rest_route=%2Fwp%2Fv2%2Fmedia&parent=1180"}],"wp:term":[{"taxonomy":"product_brand","embeddable":true,"href":"https:\/\/xenanghangbinhduong.com\/index.php?rest_route=%2Fwp%2Fv2%2Fproduct_brand&post=1180"},{"taxonomy":"product_cat","embeddable":true,"href":"https:\/\/xenanghangbinhduong.com\/index.php?rest_route=%2Fwp%2Fv2%2Fproduct_cat&post=1180"},{"taxonomy":"product_tag","embeddable":true,"href":"https:\/\/xenanghangbinhduong.com\/index.php?rest_route=%2Fwp%2Fv2%2Fproduct_tag&post=1180"}],"curies":[{"name":"wp","href":"https:\/\/api.w.org\/{rel}","templated":true}]}}