{"id":1186,"date":"2026-01-29T21:00:25","date_gmt":"2026-01-29T14:00:25","guid":{"rendered":"https:\/\/xenanghangbinhduong.com\/?post_type=product&#038;p=1186"},"modified":"2026-01-29T21:00:25","modified_gmt":"2026-01-29T14:00:25","slug":"cho-thue-xe-nang-dong-nai","status":"publish","type":"product","link":"https:\/\/xenanghangbinhduong.com\/?product=cho-thue-xe-nang-dong-nai","title":{"rendered":"Cho thu\u00ea xe n\u00e2ng \u0110\u1ed3ng Nai"},"content":{"rendered":"<h2 data-start=\"3940\" data-end=\"4002\">Cho thu\u00ea xe n\u00e2ng \u0110\u1ed3ng Nai \u2013 Long An \u2013 T\u00e2y Ninh \u2013 B\u00ecnh Ph\u01b0\u1edbc<\/h2>\n<p data-start=\"4004\" data-end=\"4135\">Ch\u00fang t\u00f4i nh\u1eadn <strong data-start=\"4019\" data-end=\"4093\">cho thu\u00ea xe n\u00e2ng t\u1ea1i \u0110\u1ed3ng Nai, Long An, T\u00e2y Ninh, B\u00ecnh Ph\u01b0\u1edbc, V\u0169ng T\u00e0u<\/strong> ph\u1ee5c v\u1ee5 kho x\u01b0\u1edfng, nh\u00e0 m\u00e1y v\u00e0 c\u00f4ng tr\u00ecnh.<\/p>\n<p data-start=\"4137\" data-end=\"4176\">\ud83d\udcde <strong data-start=\"4140\" data-end=\"4159\">Hotline \u2013 Zalo:<\/strong> <strong data-start=\"4160\" data-end=\"4176\">0937 691 063<\/strong><\/p>\n<hr data-start=\"4178\" data-end=\"4181\" \/>\n<h3 data-start=\"4183\" data-end=\"4212\">D\u1ecbch v\u1ee5 xe n\u00e2ng li\u00ean t\u1ec9nh<\/h3>\n<ul data-start=\"4213\" data-end=\"4324\">\n<li data-start=\"4213\" data-end=\"4243\">\n<p data-start=\"4215\" data-end=\"4243\">Xe n\u00e2ng \u0111i\u1ec7n &amp; xe n\u00e2ng d\u1ea7u<\/p>\n<\/li>\n<li data-start=\"4244\" data-end=\"4257\">\n<p data-start=\"4246\" data-end=\"4257\">C\u00f3 t\u00e0i x\u1ebf<\/p>\n<\/li>\n<li data-start=\"4258\" data-end=\"4294\">\n<p data-start=\"4260\" data-end=\"4294\">H\u1ed7 tr\u1ee3 di d\u1eddi \u2013 b\u1ed1c d\u1ee1 \u2013 n\u00e2ng h\u1ea1<\/p>\n<\/li>\n<li data-start=\"4295\" data-end=\"4324\">\n<p data-start=\"4297\" data-end=\"4324\">\u0110i\u1ec1u xe linh ho\u1ea1t theo l\u1ecbch<\/p>\n<\/li>\n<\/ul>\n<hr data-start=\"4326\" data-end=\"4329\" \/>\n<h3 data-start=\"4331\" data-end=\"4338\">FAQ<\/h3>\n<p data-start=\"4339\" data-end=\"4406\"><strong data-start=\"4339\" data-end=\"4373\">C\u00f3 ch\u1ea1y xe n\u00e2ng \u0111i t\u1ec9nh kh\u00f4ng?<\/strong><br data-start=\"4373\" data-end=\"4376\" \/>C\u00f3, nh\u1eadn n\u1ed9i t\u1ec9nh &amp; li\u00ean t\u1ec9nh.<\/p>\n<hr data-start=\"4408\" data-end=\"4411\" \/>\n<h3 data-start=\"4413\" data-end=\"4430\">CTA \u2013 Li\u00ean h\u1ec7<\/h3>\n<p data-start=\"4431\" data-end=\"4561\">\ud83d\udcde <strong data-start=\"4434\" data-end=\"4450\">0937 691 063<\/strong><br data-start=\"4450\" data-end=\"4453\" \/>\ud83d\udce7 <a class=\"decorated-link cursor-pointer\" rel=\"noopener\" data-start=\"4456\" data-end=\"4485\">manhhung.transpoort@gmail.com<\/a><br data-start=\"4485\" data-end=\"4488\" \/>\ud83d\udccd <strong data-start=\"4491\" data-end=\"4503\">Ph\u1ee5c v\u1ee5:<\/strong> \u0110\u1ed3ng Nai, B\u00ecnh Ph\u01b0\u1edbc, Long An, V\u0169ng T\u00e0u, TP.HCM, T\u00e2y Ninh<\/p>\n","protected":false},"excerpt":{"rendered":"<p>Ch\u00fang t\u00f4i nh\u1eadn <strong data-start=\"4019\" data-end=\"4093\">cho thu\u00ea xe n\u00e2ng t\u1ea1i \u0110\u1ed3ng Nai, Long An, T\u00e2y Ninh, B\u00ecnh Ph\u01b0\u1edbc, V\u0169ng T\u00e0u<\/strong> ph\u1ee5c v\u1ee5 kho x\u01b0\u1edfng, nh\u00e0 m\u00e1y v\u00e0 c\u00f4ng tr\u00ecnh.<\/p>\n","protected":false},"featured_media":1029,"comment_status":"open","ping_status":"closed","template":"","meta":[],"product_brand":[],"product_cat":[15],"product_tag":[],"class_list":{"0":"post-1186","1":"product","2":"type-product","3":"status-publish","4":"has-post-thumbnail","6":"product_cat-xe-nang","8":"first","9":"instock","10":"shipping-taxable","11":"product-type-simple"},"_links":{"self":[{"href":"https:\/\/xenanghangbinhduong.com\/index.php?rest_route=\/wp\/v2\/product\/1186","targetHints":{"allow":["GET"]}}],"collection":[{"href":"https:\/\/xenanghangbinhduong.com\/index.php?rest_route=\/wp\/v2\/product"}],"about":[{"href":"https:\/\/xenanghangbinhduong.com\/index.php?rest_route=\/wp\/v2\/types\/product"}],"replies":[{"embeddable":true,"href":"https:\/\/xenanghangbinhduong.com\/index.php?rest_route=%2Fwp%2Fv2%2Fcomments&post=1186"}],"wp:featuredmedia":[{"embeddable":true,"href":"https:\/\/xenanghangbinhduong.com\/index.php?rest_route=\/wp\/v2\/media\/1029"}],"wp:attachment":[{"href":"https:\/\/xenanghangbinhduong.com\/index.php?rest_route=%2Fwp%2Fv2%2Fmedia&parent=1186"}],"wp:term":[{"taxonomy":"product_brand","embeddable":true,"href":"https:\/\/xenanghangbinhduong.com\/index.php?rest_route=%2Fwp%2Fv2%2Fproduct_brand&post=1186"},{"taxonomy":"product_cat","embeddable":true,"href":"https:\/\/xenanghangbinhduong.com\/index.php?rest_route=%2Fwp%2Fv2%2Fproduct_cat&post=1186"},{"taxonomy":"product_tag","embeddable":true,"href":"https:\/\/xenanghangbinhduong.com\/index.php?rest_route=%2Fwp%2Fv2%2Fproduct_tag&post=1186"}],"curies":[{"name":"wp","href":"https:\/\/api.w.org\/{rel}","templated":true}]}}